{"id":146,"date":"2023-06-09T10:14:17","date_gmt":"2023-06-09T08:14:17","guid":{"rendered":"https:\/\/conscharleroi.esteri.it\/?page_id=146"},"modified":"2025-05-27T15:37:28","modified_gmt":"2025-05-27T13:37:28","slug":"bandi-di-gara-e-contratti","status":"publish","type":"page","link":"https:\/\/conscharleroi.esteri.it\/it\/amministrazione-trasparente\/bandi-di-gara-e-contratti\/","title":{"rendered":"Bandi di gara e contratti\u00a0"},"content":{"rendered":"<ul>\n<li><span style=\"text-decoration: underline;\"><strong>2023<\/strong><\/span><\/li>\n<\/ul>\n<div><\/div>\n<div>Appel d\u2019offres pour la conclusion d\u2019un accord-cadre pour l\u2019acquisition d\u2019un service de nettoyage et d\u00e9sinfection des locaux de l\u2019Ambassade d\u2019Italie \u00e0 Bruxelles (Chancellerie diplomatique et Chancellerie consulaire), de l\u2019Institut culturel italien \u00e0 Bruxelles, de la Repr\u00e9sentation permanente aupr\u00e8s de l\u2019Union europ\u00e9enne, de la Repr\u00e9sentation permanente aupr\u00e8s de l\u2019OTAN et du Consulat g\u00e9n\u00e9ral \u00e0 Charleroi pour la p\u00e9riode allant du 1er janvier au 31 d\u00e9cembre 2024<\/div>\n<div><\/div>\n<div><span style=\"font-family: Calibri,sans-serif; font-size: small;\"><span style=\"font-family: Times New Roman,serif; font-size: medium;\">\u00a0<\/span><\/span><span style=\"font-family: Calibri,sans-serif; font-size: small;\"><a href=\"https:\/\/ambbruxelles.esteri.it\/it\/amministrazione-trasparente\/bandi-di-gara-e-contratti\/\" target=\"_blank\" rel=\"noopener noreferrer\"><span style=\"font-family: Times New Roman,serif; font-size: medium;\">https:\/\/ambbruxelles.esteri.it\/it\/amministrazione-trasparente\/bandi-di-gara-e-contratti\/<\/span><\/a><\/span><\/div>\n","protected":false},"excerpt":{"rendered":"2023 Appel d\u2019offres pour la conclusion d\u2019un accord-cadre pour l\u2019acquisition d\u2019un service de nettoyage et d\u00e9sinfection des locaux de l\u2019Ambassade d\u2019Italie \u00e0 Bruxelles (Chancellerie diplomatique et Chancellerie consulaire), de l\u2019Institut culturel italien \u00e0 Bruxelles, de la Repr\u00e9sentation permanente aupr\u00e8s de l\u2019Union europ\u00e9enne, de la Repr\u00e9sentation permanente aupr\u00e8s de l\u2019OTAN et du Consulat g\u00e9n\u00e9ral \u00e0 Charleroi [&hellip;]","protected":false},"author":2,"featured_media":0,"parent":33,"menu_order":6,"comment_status":"closed","ping_status":"closed","template":"","meta":{"footnotes":""},"class_list":["post-146","page","type-page","status-publish","hentry"],"_links":{"self":[{"href":"https:\/\/conscharleroi.esteri.it\/it\/wp-json\/wp\/v2\/pages\/146","targetHints":{"allow":["GET"]}}],"collection":[{"href":"https:\/\/conscharleroi.esteri.it\/it\/wp-json\/wp\/v2\/pages"}],"about":[{"href":"https:\/\/conscharleroi.esteri.it\/it\/wp-json\/wp\/v2\/types\/page"}],"author":[{"embeddable":true,"href":"https:\/\/conscharleroi.esteri.it\/it\/wp-json\/wp\/v2\/users\/2"}],"replies":[{"embeddable":true,"href":"https:\/\/conscharleroi.esteri.it\/it\/wp-json\/wp\/v2\/comments?post=146"}],"version-history":[{"count":6,"href":"https:\/\/conscharleroi.esteri.it\/it\/wp-json\/wp\/v2\/pages\/146\/revisions"}],"predecessor-version":[{"id":3259,"href":"https:\/\/conscharleroi.esteri.it\/it\/wp-json\/wp\/v2\/pages\/146\/revisions\/3259"}],"up":[{"embeddable":true,"href":"https:\/\/conscharleroi.esteri.it\/it\/wp-json\/wp\/v2\/pages\/33"}],"wp:attachment":[{"href":"https:\/\/conscharleroi.esteri.it\/it\/wp-json\/wp\/v2\/media?parent=146"}],"curies":[{"name":"wp","href":"https:\/\/api.w.org\/{rel}","templated":true}]}}

<ul>
<li><span style="text-decoration: underline;"><strong>2023</strong></span></li>
</ul>
<div></div>
<div>Appel d’offres pour la conclusion d’un accord-cadre pour l’acquisition d’un service de nettoyage et désinfection des locaux de l’Ambassade d’Italie à Bruxelles (Chancellerie diplomatique et Chancellerie consulaire), de l’Institut culturel italien à Bruxelles, de la Représentation permanente auprès de l’Union européenne, de la Représentation permanente auprès de l’OTAN et du Consulat général à Charleroi pour la période allant du 1er janvier au 31 décembre 2024</div>
<div></div>
<div><span style="font-family: Calibri,sans-serif; font-size: small;"><span style="font-family: Times New Roman,serif; font-size: medium;"> </span></span><span style="font-family: Calibri,sans-serif; font-size: small;"><a href="https://ambbruxelles.esteri.it/it/amministrazione-trasparente/bandi-di-gara-e-contratti/" target="_blank" rel="noopener noreferrer"><span style="font-family: Times New Roman,serif; font-size: medium;">https://ambbruxelles.esteri.it/it/amministrazione-trasparente/bandi-di-gara-e-contratti/</span></a></span></div>

2023 Appel d’offres pour la conclusion d’un accord-cadre pour l’acquisition d’un service de nettoyage et désinfection des locaux de l’Ambassade d’Italie à Bruxelles (Chancellerie diplomatique et Chancellerie consulaire), de l’Institut culturel italien à Bruxelles, de la Représentation permanente auprès de l’Union européenne, de la Représentation permanente auprès de l’OTAN et du Consulat général à Charleroi [&hellip;]
